{"id":271,"date":"2023-07-03T08:00:00","date_gmt":"2023-07-03T07:00:00","guid":{"rendered":"http:\/\/www.ville-naves.fr\/?page_id=271"},"modified":"2024-12-10T14:07:56","modified_gmt":"2024-12-10T13:07:56","slug":"ecole","status":"publish","type":"page","link":"http:\/\/ville-naves.fr\/?page_id=271","title":{"rendered":"\u00c9cole"},"content":{"rendered":"<h3><strong>Inscription \u00e0 l\u2019\u00e9cole de Nav\u00e8s<\/strong><\/h3>\n<p><strong>1\u00e8re \u00e9tape : Faire les d\u00e9marches aupr\u00e8s de la <a href=\"http:\/\/ville-naves.fr\/?page_id=376\">mairie<\/a><\/strong> (05-63-70-22-18)<\/p>\n<p>Veuillez apporter\u00a0:<\/p>\n<p>&#8211;\u00a0le livret de famille ou la copie d\u2019extrait de naissance<\/p>\n<p>&#8211;\u00a0<a href=\"http:\/\/ville-naves.fr\/wp-content\/uploads\/Fiche-dinscription-sur-la-liste-scolaire-2021.pdf\">la fiche de renseignement remplie<\/a> (\u00e0 retirer \u00e0 la mairie)<\/p>\n<p>Si vous ne r\u00e9sidez pas sur la commune, il faut demander l\u2019accord du maire de Nav\u00e8s.<\/p>\n<p><strong>2\u00e8me \u00e9tape : Prendre rendez-vous aupr\u00e8s du directeur de l&rsquo;\u00e9cole <\/strong>(05-63-71-34-48 ou ce.0810152a@ac-toulouse.fr)<\/p>\n<p><em>Merci de t\u00e9l\u00e9phoner en dehors des heures de classe. Sinon, merci de laisser un message sur le r\u00e9pondeur.<\/em><\/p>\n<p>Veuillez apporter\u00a0:<\/p>\n<p>&#8211; le livret de famille<\/p>\n<p>&#8211;\u00a0le carnet de sant\u00e9<\/p>\n<p>*\u00a0Pour un <strong>enfant arrivant d\u2019une autre \u00e9cole<\/strong>, il faut le certificat de radiation \u00e9tabli par le directeur de l\u2019ancienne \u00e9cole et tous les documents fournis par l\u2019\u00e9cole pr\u00e9c\u00e9dente (livret d\u2019\u00e9valuation\u2026)<\/p>\n<h3><strong>L\u2019\u00e9cole de Nav\u00e8s, c\u2019est\u2026<\/strong><\/h3>\n<p>Horaires : Lundi \/ Mardi \/ Jeudi \/ Vendredi<\/p>\n<p>8h30-11h30\u00a0 \/\/\u00a0 13h30-16h30<\/p>\n<p><strong>Des services municipaux<\/strong><\/p>\n<p>Un service de garderie est propos\u00e9 par la mairie de 7h30 \u00e0 8h20, de 11h30 \u00e0 13h20 et de 16h30 \u00e0 18h15. Une cantine scolaire \u00e0 c\u00f4t\u00e9 de la salle Georges Pr\u00eatre permet de proposer tous les jours d\u2019\u00e9cole un repas aux \u00e9l\u00e8ves. Informations \u00e0 la mairie pour les tarifs. (voir l&rsquo;onglet \u00ab\u00a0<a href=\"http:\/\/ville-naves.fr\/?page_id=141\">Services Publics<\/a>\u00ab\u00a0).<\/p>\n<p><strong>Des lieux<\/strong><\/p>\n<p>Les lieux de vie se pr\u00e9sentent ainsi\u00a0:<\/p>\n<p>\u2013 Un b\u00e2timent comprenant : une classe et un dortoir au rez-de-chauss\u00e9e, deux classes \u00e0 l&rsquo;\u00e9tage.<\/p>\n<p>\u2013 Une grande cour herbac\u00e9e comprenant un pr\u00e9au, un terrain de sport avec deux cages et paniers de basket, une piste d\u2019athl\u00e9tisme et plusieurs jeux de cour (filet d\u2019escalade, cabane, deux toboggans\u2026).<\/p>\n<p>\u2013 Le gymnase et la cantine \u00e0 la salle Georges Pr\u00eatre<\/p>\n<p><strong>Des personnes<\/strong><\/p>\n<p>\u2013 Depuis des ann\u00e9es, l\u2019\u00e9cole fonctionne avec trois classes \u00e0 cours multiples accueillant des \u00e9l\u00e8ves de la Petite Section jusqu\u2019au Cours Moyen 2.<\/p>\n<p>\u2013 Une aide maternelle, ATSEM, (Mme Bennes Aur\u00e9lie) assure un temps de garderie du matin, un temps de cantine et une pr\u00e9sence attentive au sein de la classe des maternelles.<\/p>\n<p>\u2013 Une employ\u00e9e municipale (Mme Teste Myriam) s\u2019occupe de la garderie de l\u2019apr\u00e8s-midi et de la cantine.<\/p>\n<p>\u2013\u00a0Une \u00e9quipe de parents dynamiques, d\u00e9l\u00e9gu\u00e9s ou non, aide au bon fonctionnement de l\u2019\u00e9cole et \u00e0 l\u2019organisation de certaines manifestations.<\/p>\n<p>&#8211; Une association de parents d&rsquo;\u00e9l\u00e8ves (<a href=\"http:\/\/ville-naves.fr\/?page_id=3675\" target=\"_blank\" rel=\"noopener noreferrer\">APEN<\/a>) qui propose des animations autour de l&rsquo;\u00e9cole.<\/p>\n\n\n<figure class=\"wp-block-image size-large is-style-default\"><img loading=\"lazy\" decoding=\"async\" width=\"1024\" height=\"768\" src=\"http:\/\/ville-naves.fr\/wp-content\/uploads\/IMG_20200703_075216-1024x768.jpg\" alt=\"\" class=\"wp-image-3783\" srcset=\"http:\/\/ville-naves.fr\/wp-content\/uploads\/IMG_20200703_075216-1024x768.jpg 1024w, http:\/\/ville-naves.fr\/wp-content\/uploads\/IMG_20200703_075216-300x225.jpg 300w, http:\/\/ville-naves.fr\/wp-content\/uploads\/IMG_20200703_075216-140x105.jpg 140w, http:\/\/ville-naves.fr\/wp-content\/uploads\/IMG_20200703_075216-768x576.jpg 768w, http:\/\/ville-naves.fr\/wp-content\/uploads\/IMG_20200703_075216-1536x1152.jpg 1536w, http:\/\/ville-naves.fr\/wp-content\/uploads\/IMG_20200703_075216-2048x1536.jpg 2048w, http:\/\/ville-naves.fr\/wp-content\/uploads\/IMG_20200703_075216-scaled-1200x900-cropped.jpg 1200w\" sizes=\"auto, (max-width: 1024px) 100vw, 1024px\" \/><\/figure>\n<!-- wpsso rrssb get buttons: buttons on archive option not enabled -->\n","protected":false},"excerpt":{"rendered":"<p>Inscription \u00e0 l\u2019\u00e9cole de Nav\u00e8s 1\u00e8re \u00e9tape : Faire les d\u00e9marches aupr\u00e8s de la mairie (05-63-70-22-18) Veuillez apporter\u00a0: &#8211;\u00a0le livret de famille ou la copie d\u2019extrait de naissance &#8211;\u00a0la fiche de renseignement remplie (\u00e0 retirer \u00e0 la mairie) Si vous ne r\u00e9sidez pas sur la commune, il faut demander l\u2019accord du maire de Nav\u00e8s. 2\u00e8me [&hellip;]<\/p>\n","protected":false},"author":6,"featured_media":0,"parent":0,"menu_order":0,"comment_status":"closed","ping_status":"open","template":"","meta":{"footnotes":""},"class_list":["post-271","page","type-page","status-publish","hentry"],"_links":{"self":[{"href":"http:\/\/ville-naves.fr\/index.php?rest_route=\/wp\/v2\/pages\/271","targetHints":{"allow":["GET"]}}],"collection":[{"href":"http:\/\/ville-naves.fr\/index.php?rest_route=\/wp\/v2\/pages"}],"about":[{"href":"http:\/\/ville-naves.fr\/index.php?rest_route=\/wp\/v2\/types\/page"}],"author":[{"embeddable":true,"href":"http:\/\/ville-naves.fr\/index.php?rest_route=\/wp\/v2\/users\/6"}],"replies":[{"embeddable":true,"href":"http:\/\/ville-naves.fr\/index.php?rest_route=%2Fwp%2Fv2%2Fcomments&post=271"}],"version-history":[{"count":43,"href":"http:\/\/ville-naves.fr\/index.php?rest_route=\/wp\/v2\/pages\/271\/revisions"}],"predecessor-version":[{"id":4557,"href":"http:\/\/ville-naves.fr\/index.php?rest_route=\/wp\/v2\/pages\/271\/revisions\/4557"}],"wp:attachment":[{"href":"http:\/\/ville-naves.fr\/index.php?rest_route=%2Fwp%2Fv2%2Fmedia&parent=271"}],"curies":[{"name":"wp","href":"https:\/\/api.w.org\/{rel}","templated":true}]}}