{"id":3083,"date":"2019-05-13T09:20:30","date_gmt":"2019-05-13T08:20:30","guid":{"rendered":"http:\/\/www.ville-naves.fr\/?page_id=3083"},"modified":"2019-05-13T09:25:26","modified_gmt":"2019-05-13T08:25:26","slug":"protection-des-donnees","status":"publish","type":"page","link":"http:\/\/ville-naves.fr\/?page_id=3083","title":{"rendered":"Protection des donn\u00e9es"},"content":{"rendered":"<p style=\"padding-left: 30px;\">La commune de Nav\u00e8s s\u2019est engag\u00e9e dans une d\u00e9marche de conformit\u00e9 au RGPD (R\u00e8glement G\u00e9n\u00e9ral sur la Protection des Donn\u00e9es, texte EU 2016\/679).<\/p>\n<p>Donn\u00e9es recueillies\u00a0:<\/p>\n<p>Les donn\u00e9es recueillies dans le formulaire de contact sont utilis\u00e9es pour r\u00e9pondre \u00e0 vos demandes. Aucune donn\u00e9e n\u2019est transmise \u00e0 un tiers, elles sont directement trait\u00e9es par les agents habilit\u00e9s de la mairie de Nav\u00e8s. Elles sont conserv\u00e9es pendant un an (12 mois) et supprim\u00e9es au cours du treizi\u00e8me mois. Le responsable du traitement est M. le Maire de Nav\u00e8s.<\/p>\n<p>Les donn\u00e9es recueillies pour alimenter la rubrique \u00ab\u00a0Commerces et Artisans\u00a0\u00bb sont simplement affich\u00e9es sur le site comme une petite annonce. Vous \u00eates libres d\u2019y indiquer vos coordonn\u00e9es et la liste de vos activit\u00e9s. Les donn\u00e9es sont conserv\u00e9es jusqu\u2019\u00e0 votre demande de suppression (fin ou changement d\u2019activit\u00e9 par exemple).<\/p>\n<p>Vous pouvez exercer vos droits (demande de copie des donn\u00e9es, suppression de vos donn\u00e9es, rectification de vos donn\u00e9es) en vous adressant directement par courrier \u00e0 la mairie de Nav\u00e8s et en joignant une copie recto verso d\u2019un titre d\u2019identit\u00e9 en cours de validit\u00e9.<\/p>\n<p>Pour plus d\u2019information sur vos droits, vous pouvez consulter le site <a href=\"http:\/\/www.cnil.fr\/\">www.cnil.fr<\/a>.<\/p>\n<p>&nbsp;<\/p>\n<!-- wpsso rrssb get buttons: buttons on archive option not enabled -->\n","protected":false},"excerpt":{"rendered":"<p>La commune de Nav\u00e8s s\u2019est engag\u00e9e dans une d\u00e9marche de conformit\u00e9 au RGPD (R\u00e8glement G\u00e9n\u00e9ral sur la Protection des Donn\u00e9es, texte EU 2016\/679). Donn\u00e9es recueillies\u00a0: Les donn\u00e9es recueillies dans le formulaire de contact sont utilis\u00e9es pour r\u00e9pondre \u00e0 vos demandes. Aucune donn\u00e9e n\u2019est transmise \u00e0 un tiers, elles sont directement trait\u00e9es par les agents habilit\u00e9s [&hellip;]<\/p>\n","protected":false},"author":3,"featured_media":0,"parent":0,"menu_order":0,"comment_status":"closed","ping_status":"closed","template":"","meta":{"footnotes":""},"class_list":["post-3083","page","type-page","status-publish","hentry"],"_links":{"self":[{"href":"http:\/\/ville-naves.fr\/index.php?rest_route=\/wp\/v2\/pages\/3083","targetHints":{"allow":["GET"]}}],"collection":[{"href":"http:\/\/ville-naves.fr\/index.php?rest_route=\/wp\/v2\/pages"}],"about":[{"href":"http:\/\/ville-naves.fr\/index.php?rest_route=\/wp\/v2\/types\/page"}],"author":[{"embeddable":true,"href":"http:\/\/ville-naves.fr\/index.php?rest_route=\/wp\/v2\/users\/3"}],"replies":[{"embeddable":true,"href":"http:\/\/ville-naves.fr\/index.php?rest_route=%2Fwp%2Fv2%2Fcomments&post=3083"}],"version-history":[{"count":4,"href":"http:\/\/ville-naves.fr\/index.php?rest_route=\/wp\/v2\/pages\/3083\/revisions"}],"predecessor-version":[{"id":3087,"href":"http:\/\/ville-naves.fr\/index.php?rest_route=\/wp\/v2\/pages\/3083\/revisions\/3087"}],"wp:attachment":[{"href":"http:\/\/ville-naves.fr\/index.php?rest_route=%2Fwp%2Fv2%2Fmedia&parent=3083"}],"curies":[{"name":"wp","href":"https:\/\/api.w.org\/{rel}","templated":true}]}}