{"id":595,"date":"2021-01-30T08:10:00","date_gmt":"2021-01-30T07:10:00","guid":{"rendered":"http:\/\/www.ville-naves.fr\/?page_id=595"},"modified":"2021-03-15T22:17:21","modified_gmt":"2021-03-15T21:17:21","slug":"comite-des-fetes","status":"publish","type":"page","link":"http:\/\/ville-naves.fr\/?page_id=595","title":{"rendered":"Comit\u00e9 des F\u00eates"},"content":{"rendered":"\n<h2 class=\"has-text-align-center wp-block-heading\"><em>Vivement que l&rsquo;on se revoit !!<\/em><\/h2>\n\n\n\n<p>Comme vous avez pu le constater nous n\u2019avons pu organiser aucune manifestation post COVID.<\/p>\n\n\n\n<p>Nous avions bien organis\u00e9 le loto en d\u00e9but d\u2019ann\u00e9e, mais on ne peut pas consid\u00e9rer que ce f\u00fbt une r\u00e9ussite vu le peu d\u2019engouement qu\u2019il a suscit\u00e9\u2026. <strong>BREF, UNE ANNEE 2020 A OUBLIER.<\/strong><\/p>\n\n\n\n<p>Pourtant cette ann\u00e9e 2020 s\u2019annon\u00e7ait belle, avec beaucoup de nouveaut\u00e9s. Premi\u00e8rement au niveau de la structuration du comit\u00e9 avec comme nous l\u2019annoncions dans le bulletin pr\u00e9c\u00e9dent un rajeunissement de notre bureau. Puis en termes d\u2019animation avec la premi\u00e8re \u00e9dition de la soir\u00e9e bi\u00e8re qui devait d\u2019abord avoir lieu en mars puis en septembre.<\/p>\n\n\n\n<p>La COVID nous a \u00e9galement contraints d\u2019annuler les autres manifestations pr\u00e9vues le reste de l\u2019ann\u00e9e, de la tourn\u00e9e des g\u00e2teaux au vide chambre en passant par la f\u00eate&nbsp;&#x2639;.<\/p>\n\n\n\n<p>Nous avons bien r\u00e9fl\u00e9chi \u00e0 organiser un repas en collaboration avec la mairie fin ao\u00fbt mais les contraintes sanitaires \u00e0 mettre en place nous auraient priv\u00e9s du plus important\u00a0: <strong>LA CONVIVIALITE\u00a0!!!<\/strong><\/p>\n\n\n\n<p>Nous esp\u00e9rons fortement pouvoir vous proposer une ann\u00e9e 2021 beaucoup plus anim\u00e9e, mais \u00e0 l\u2019instant o\u00f9 nous \u00e9crivons cet article rien ne nous garantit que cela sera possible. Soyez s\u00fbr que d\u00e8s que nous aurons l\u2019autorisation de la part de nos autorit\u00e9s de pouvoir organiser quelque manifestation que ce soit, nous le ferons sans attendre. Nous sommes dans les starting blocks, et vous n\u2019\u00eates pas pr\u00eats pour le d\u00e9confinement du comit\u00e9 des f\u00eates\u2026.&nbsp;&#x1f60a; <\/p>\n\n\n\n<p>D\u00e8s que nous aurons la possibilit\u00e9 de reprendre les rassemblements, nous proposerons une r\u00e9union du comit\u00e9 des f\u00eates, vous en serez inform\u00e9s au travers des diff\u00e9rents panneaux d\u2019affichage et chez PROXI. Si vous aussi vous en avez marre de rester enferm\u00e9s, nous vous accueillerons avec plaisir vous et vos id\u00e9es\u2026. Sachez qu\u2019on termine rarement une r\u00e9union sans boire un petit verre de l\u2019amiti\u00e9.<\/p>\n\n\n\n<p>Nous tenons \u00e9galement \u00e0 profiter de cet article dans le bulletin municipal pour remercier toutes ces personnes qui de pr\u00e8s ou de loin participent \u00e0 la vie associative du village tant du c\u00f4t\u00e9 organisateur que du c\u00f4t\u00e9 participant.<\/p>\n\n\n\n<p>Festivement,<\/p>\n\n\n\n<p>Le Comit\u00e9 des F\u00eates<\/p>\n<!-- wpsso rrssb get buttons: buttons on archive option not enabled -->\n","protected":false},"excerpt":{"rendered":"<p>Vivement que l&rsquo;on se revoit !! Comme vous avez pu le constater nous n\u2019avons pu organiser aucune manifestation post COVID. Nous avions bien organis\u00e9 le loto en d\u00e9but d\u2019ann\u00e9e, mais on ne peut pas consid\u00e9rer que ce f\u00fbt une r\u00e9ussite vu le peu d\u2019engouement qu\u2019il a suscit\u00e9\u2026. BREF, UNE ANNEE 2020 A OUBLIER. Pourtant cette [&hellip;]<\/p>\n","protected":false},"author":3,"featured_media":0,"parent":0,"menu_order":0,"comment_status":"closed","ping_status":"open","template":"","meta":{"footnotes":""},"class_list":["post-595","page","type-page","status-publish","hentry"],"_links":{"self":[{"href":"http:\/\/ville-naves.fr\/index.php?rest_route=\/wp\/v2\/pages\/595","targetHints":{"allow":["GET"]}}],"collection":[{"href":"http:\/\/ville-naves.fr\/index.php?rest_route=\/wp\/v2\/pages"}],"about":[{"href":"http:\/\/ville-naves.fr\/index.php?rest_route=\/wp\/v2\/types\/page"}],"author":[{"embeddable":true,"href":"http:\/\/ville-naves.fr\/index.php?rest_route=\/wp\/v2\/users\/3"}],"replies":[{"embeddable":true,"href":"http:\/\/ville-naves.fr\/index.php?rest_route=%2Fwp%2Fv2%2Fcomments&post=595"}],"version-history":[{"count":27,"href":"http:\/\/ville-naves.fr\/index.php?rest_route=\/wp\/v2\/pages\/595\/revisions"}],"predecessor-version":[{"id":3735,"href":"http:\/\/ville-naves.fr\/index.php?rest_route=\/wp\/v2\/pages\/595\/revisions\/3735"}],"wp:attachment":[{"href":"http:\/\/ville-naves.fr\/index.php?rest_route=%2Fwp%2Fv2%2Fmedia&parent=595"}],"curies":[{"name":"wp","href":"https:\/\/api.w.org\/{rel}","templated":true}]}}