{"id":649,"date":"2023-05-13T22:55:04","date_gmt":"2023-05-13T21:55:04","guid":{"rendered":"http:\/\/www.ville-naves.fr\/?page_id=649"},"modified":"2023-05-13T22:55:05","modified_gmt":"2023-05-13T21:55:05","slug":"commerces-et-artisans","status":"publish","type":"page","link":"http:\/\/ville-naves.fr\/?page_id=649","title":{"rendered":"Commerces et Artisans"},"content":{"rendered":"<hr \/>\n<p><strong><span style=\"color: #800080;\"> CEDRIC TP<\/span><\/strong> EURL, agr\u00e9\u00e9 Assainissement non collectif, Travaux publics et priv\u00e9s, terrassements, fouilles, branchements assainissements collectifs &#8211; chemin des Cr\u00eates &#8211; t\u00e9l : 06.71.73.98.16<\/p>\n<hr \/>\n<table border=\"0\" cellspacing=\"0\" cellpadding=\"0\">\n<tbody>\n<tr>\n<td valign=\"top\" width=\"113\"><img loading=\"lazy\" decoding=\"async\" title=\"celotto\" src=\"http:\/\/ville-naves.fr\/wp-content\/uploads\/celotto.JPG\" alt=\"celotto\" width=\"99\" height=\"110\" \/><\/td>\n<td valign=\"top\" width=\"501\">Artisanat d\u2019Art <strong><span style=\"color: #800080;\">CELOTTO<\/span><\/strong>, lotissement de Foncouverte &#8211; 81710 Nav\u00e8s <a href=\"http:\/\/www.lart-et-la-matiere.org\">http:\/\/www.lart-et-la-matiere.org<\/a><\/td>\n<\/tr>\n<\/tbody>\n<\/table>\n<hr \/>\n<p><a href=\"http:\/\/ville-naves.fr\/wp-content\/uploads\/C\u00f4t\u00e9-jardin.jpg\"><img loading=\"lazy\" decoding=\"async\" class=\"wp-image-2779  alignleft\" src=\"http:\/\/ville-naves.fr\/wp-content\/uploads\/C\u00f4t\u00e9-jardin-140x105.jpg\" alt=\"\" width=\"133\" height=\"100\" data-wp-pid=\"2779\" srcset=\"http:\/\/ville-naves.fr\/wp-content\/uploads\/C\u00f4t\u00e9-jardin-140x105.jpg 140w, http:\/\/ville-naves.fr\/wp-content\/uploads\/C\u00f4t\u00e9-jardin-300x225.jpg 300w, http:\/\/ville-naves.fr\/wp-content\/uploads\/C\u00f4t\u00e9-jardin-266x200.jpg 266w, http:\/\/ville-naves.fr\/wp-content\/uploads\/C\u00f4t\u00e9-jardin.jpg 401w\" sizes=\"auto, (max-width: 133px) 100vw, 133px\" \/><\/a><strong><span style=\"color: #800080;\">C\u00f4t\u00e9 Jardin<span style=\"color: #000000;\">, <\/span><\/span><\/strong><span style=\"color: #800080;\"><span style=\"color: #000000;\">locations courte dur\u00e9e, week-ends (50 \u20ac), semaine (180 \u20ac) ou mois (480 \u20ac), appartements T2 \u00e9quip\u00e9s tout confort et charges comprises,\u00a0<\/span><\/span><\/p>\n<p><span style=\"color: #800080;\"><span style=\"color: #000000;\">129 Chemin de Saint Jacques, 81710 Nav\u00e8s &#8211; contact : herail.claudine@orange.fr ou <\/span><\/span><span style=\"color: #800080;\"><span style=\"color: #000000;\">07.83.57.52.54<\/span><\/span><span style=\"color: #444444;\"><br \/>\n<\/span><\/p>\n<hr \/>\n<p>Thierry<strong><span style=\"color: #800080;\"> ESCANDE<\/span><\/strong>, Entretien Espaces verts, En Ferrier, 81710 Nav\u00e8s &#8211; t\u00e9l : 05.63.71.20.62<\/p>\n<hr \/>\n<p>Patrick <span style=\"color: #800080;\"><strong>JAMME<\/strong><\/span>, Peintre Tapissier, Parquet flottant, 2 rue de Galeye, 81710 Nav\u00e8s &#8211; t\u00e9l : 06.80.35.70.73<\/p>\n<hr \/>\n<p><a href=\"http:\/\/ville-naves.fr\/wp-content\/uploads\/Langues-en-immersion-e1516443285167.jpg\"><img loading=\"lazy\" decoding=\"async\" class=\"alignleft size-thumbnail wp-image-2780\" src=\"http:\/\/ville-naves.fr\/wp-content\/uploads\/Langues-en-immersion-140x105.jpg\" alt=\"\" width=\"140\" height=\"105\" data-wp-pid=\"2780\" \/><\/a><b><span style=\"color: #800080;\"><span style=\"font-family: Arial, serif;\"><span style=\"font-size: small;\">LEI Formation<\/span><\/span><\/span><\/b><b><span style=\"color: #000000;\"><span style=\"font-family: Arial, serif;\"><span style=\"font-size: small;\">,\u00a0<\/span><\/span><\/span><\/b><span style=\"color: #000000;\"><span style=\"font-family: Arial, serif;\"><span style=\"font-size: small;\">Anglais Formation et Immersion \u2013 Accompagnement scolaire, pr\u00e9paration aux examens, aux concours et \u00e0 la mobilit\u00e9. Formations professionnelles CPF \u2013 Labellis\u00e9 UNOSEL et enregistr\u00e9 sur DATADOCK <\/span><\/span><\/span><a href=\"http:\/\/www.languesenimmersion.fr\/\"><span style=\"font-family: Arial, serif;\"><span style=\"font-size: small;\">www.languesenimmersion.fr<\/span><\/span><\/a><\/p>\n<p><span style=\"font-family: Times New Roman, serif;\"><span style=\"font-size: medium;\"><span style=\"color: #444444;\"><span style=\"font-family: Arial, serif;\"><span style=\"font-size: small;\">Claudine HERAIL, Coordinatrice LEI, 5 Barginac, T\u00e9l : 06.12.25.06.61 \u2013 email : <\/span><\/span><\/span><a href=\"mailto:coordination@languesenimmersion.fr\"><span style=\"font-family: Arial, serif;\"><span style=\"font-size: small;\">coordination@languesenimmersion.fr<\/span><\/span><\/a><span style=\"color: #444444;\"><span style=\"font-family: Arial, serif;\"><span style=\"font-size: small;\"> \u2013\u00a0<\/span><\/span><\/span><a href=\"http:\/\/www.facebook.com\/aalec.anglais\"><span style=\"color: #771100;\"><span style=\"font-family: Trebuchet MS, serif;\">www.facebook.com\/aalec.anglais<\/span><\/span><\/a><\/span><\/span><\/p>\n<p><span style=\"font-family: Times New Roman, serif;\"><span style=\"font-size: medium;\"><span style=\"color: #444444;\"><span style=\"font-family: Arial, serif;\"><span style=\"font-size: small;\">Vid\u00e9os sur notre chaine: <\/span><\/span><\/span><a href=\"https:\/\/www.youtube.com\/playlist?list=PLimAfJb--y6EKdRzezxHXZzn9mubLd8ll\"><span style=\"font-family: Arial, serif;\"><span style=\"font-size: small;\">https:\/\/www.youtube.com\/playlist?list=PLimAfJb&#8211;y6EKdRzezxHXZzn9mubLd8ll<\/span><\/span><\/a><\/span><\/span><\/p>\n<hr \/>\n<p><strong><span style=\"color: #800080;\">MARTINEZ Electricit\u00e9,<\/span><\/strong> EURL, Electricit\u00e9, Chauffage, Energie renouvelable, climatisation, solaire &#8211; 6, Font de Galeye, 81710 Nav\u00e8s &#8211; T\u00e9l : 06.09.70.57.86 &#8211; email : eurlmartinezelectricite@gmail.com &#8211; www.martinezelectricite.fr<\/p>\n<hr \/>\n<p>Garage <strong><span style=\"color: #800080;\">M.F.P.L.A.<\/span><\/strong>, Agent Iveco, SOGEDEP Forestier, Poids lourds, Voitures, 4X4, Hydraulique, Agricole, Grues de manutention, Pi\u00e8ces d\u00e9tach\u00e9es &#8211; CD621, 81710 Nav\u00e8s &#8211; T\u00e9l : 05.63.37.59.34<\/p>\n<hr \/>\n<p>Sabine <strong><span style=\"color: #800080;\">PACE<\/span>,<\/strong> esth\u00e9ticienne \u00e0 domicile, 81710 Nav\u00e8s &#8211; T\u00e9l : 06.08.36.55.27<\/p>\n<hr \/>\n<p><strong><span style=\"color: #800080;\">PHOLIO<\/span><\/strong>, Laurent FR\u00c9ZOULS &#8211; Conception PAO et travaux photographiques<br \/>\n1, Bellevue d&rsquo;en Ferrier, 81710 Nav\u00e8s\u00a0 &#8211; T\u00e9l. : 06 77 85 30 46<\/p>\n<hr \/>\n<p><strong><span style=\"color: #800080;\">PROXI, <\/span><\/strong>S.A.R.L. <strong><span style=\"color: #800080;\">POUZENC<\/span><\/strong>, lieu dit Bel Air\u00a0: Epicerie, d\u00e9p\u00f4t de pain, charcuterie, Fruits et l\u00e9gumes, cr\u00e8merie, vin de table en vrac, Presse, Tabac &#8211; 81710 Nav\u00e8s &#8211; t\u00e9l : 05.63.74.85.28<\/p>\n<hr \/>\n<p><strong><span style=\"color: #800080;\">TAXI DE LA MONTAGNE NOIRE, <\/span><\/strong>tous transports, toutes distances, 24h\/24, navette, colis urgent, transports malade assis, stationnement \u00e0 Dourgne &#8211; C\u00e9dric GANDIA, 6 bis chemin des Carri\u00e8res, 81710 Nav\u00e8s &#8211; T\u00e9l : 06.80.36.19.12<\/p>\n<hr \/>\n<p><strong><span style=\"color: #800080;\">TAXIVAL, <\/span><\/strong><span style=\"color: #800080;\"><span style=\"color: #000000;\">D\u00e9placements toutes distances priv\u00e9s, professionnels, m\u00e9dical &#8211; stationnement \u00e0 Aussillon &#8211; 10, Hameau de Montespieu, 81710 Nav\u00e8s &#8211; t\u00e9l : 06.67.39.80.00<\/span><\/span><strong><span style=\"color: #800080;\"><br \/>\n<\/span><\/strong><\/p>\n<hr \/>\n<p><strong><span style=\"color: #800080;\">VOLAILLES DE MONTESPIEU, <\/span><\/strong><span style=\"color: #000000;\">Hameau de Montespieu, 81710 Nav\u00e8s &#8211; T\u00e9l : 05.63.71.10.04<strong><br \/>\n<\/strong><\/span><\/p>\n<p><strong><span style=\"color: #800080;\">\u00a0<\/span><\/strong><\/p>\n<!-- wpsso rrssb get buttons: buttons on archive option not enabled -->\n","protected":false},"excerpt":{"rendered":"<p>CEDRIC TP EURL, agr\u00e9\u00e9 Assainissement non collectif, Travaux publics et priv\u00e9s, terrassements, fouilles, branchements assainissements collectifs &#8211; chemin des Cr\u00eates &#8211; t\u00e9l : 06.71.73.98.16 Artisanat d\u2019Art CELOTTO, lotissement de Foncouverte &#8211; 81710 Nav\u00e8s http:\/\/www.lart-et-la-matiere.org C\u00f4t\u00e9 Jardin, locations courte dur\u00e9e, week-ends (50 \u20ac), semaine (180 \u20ac) ou mois (480 \u20ac), appartements T2 \u00e9quip\u00e9s tout confort et [&hellip;]<\/p>\n","protected":false},"author":3,"featured_media":0,"parent":0,"menu_order":0,"comment_status":"closed","ping_status":"open","template":"","meta":{"footnotes":""},"class_list":["post-649","page","type-page","status-publish","hentry"],"_links":{"self":[{"href":"http:\/\/ville-naves.fr\/index.php?rest_route=\/wp\/v2\/pages\/649","targetHints":{"allow":["GET"]}}],"collection":[{"href":"http:\/\/ville-naves.fr\/index.php?rest_route=\/wp\/v2\/pages"}],"about":[{"href":"http:\/\/ville-naves.fr\/index.php?rest_route=\/wp\/v2\/types\/page"}],"author":[{"embeddable":true,"href":"http:\/\/ville-naves.fr\/index.php?rest_route=\/wp\/v2\/users\/3"}],"replies":[{"embeddable":true,"href":"http:\/\/ville-naves.fr\/index.php?rest_route=%2Fwp%2Fv2%2Fcomments&post=649"}],"version-history":[{"count":32,"href":"http:\/\/ville-naves.fr\/index.php?rest_route=\/wp\/v2\/pages\/649\/revisions"}],"predecessor-version":[{"id":4331,"href":"http:\/\/ville-naves.fr\/index.php?rest_route=\/wp\/v2\/pages\/649\/revisions\/4331"}],"wp:attachment":[{"href":"http:\/\/ville-naves.fr\/index.php?rest_route=%2Fwp%2Fv2%2Fmedia&parent=649"}],"curies":[{"name":"wp","href":"https:\/\/api.w.org\/{rel}","templated":true}]}}